What is the highest common factor of 22 and p?
2
Let r be (-71)/(-4) + 1/4. Suppose 0 = -21*k + 8*k. Suppose n = -k*n + r. Calculate the highest common divisor of n and 2.
2
Let c be 4/3 + (-10)/(-15). Let h be (-150)/(-90) - (-122)/6. Calculate the greatest common factor of c and h.
2
Let r(t) = 134*t + 76. Let y be r(1). Calculate the greatest common divisor of y and 28.
14
Suppose 2*w - 4*z = -3*z + 60, -3*w + 5*z = -97. What is the greatest common factor of 319 and w?
29
Suppose -7*c = -3*c + 2*x - 44, 18 = 2*c + 3*x. Let l = c + 8. Calculate the highest common factor of 20 and l.
20
Let z = -2 + 16. Let s(v) = -15*v**2. Let r be s(1). Let k be 4*(-1 - r/10*1). What is the greatest common factor of k and z?
2
Let s be -2 + 2 - (-3 + 1). Suppose -4 = -2*i - 0. What is the highest common divisor of s and i?
2
Suppose -w - 7 + 27 = b, -2*b = w - 22. Let r = -16 + w. Suppose r*y - 6*y + 5*m + 12 = 0, y + 3*m = 20. What is the highest common divisor of y and 12?
4
Let p = -124 - -5. Let g = -39 - p. Let a = -12 + 22. Calculate the highest common factor of a and g.
10
Suppose 3*a = 7*r - 3273, 5*a - 7*a = r - 470. What is the greatest common factor of 104 and r?
52
Let b = -558 - -690. Suppose -o + 33 + 0 = 0. Calculate the highest common divisor of b and o.
33
Let l(g) = 8*g - 14. Let v be l(11). Suppose v = f + f. What is the greatest common factor of f and 111?
37
Suppose 13*h - 18*h - 225 = 0. Let n = 81 + h. What is the greatest common divisor of 18 and n?
18
Let s = -537 + 545. Calculate the highest common factor of 1016 and s.
8
Suppose 5*m = 5*f - 355, -514 = 5*m + 4*f - 204. Let n = 114 + m. What is the highest common factor of n and 6?
6
Suppose -3*l - 111 = 141. Let m = l + 172. What is the highest common divisor of 44 and m?
44
Let m = 496 + -53. Let r = 751 - m. What is the highest common factor of 28 and r?
28
Let k = 7 + -11. Let o(m) = m**3 + 8*m**2 - 2*m + 6. Let c be o(k). Suppose 87 = 5*w - c. What is the highest common divisor of w and 22?
11
Let t be (-45)/(-3)*(0 - -1). Let p = -1586 + 1601. What is the highest common factor of t and p?
15
Suppose 57*n + 1980 = 61*n. Suppose n = -18*f + 1251. What is the highest common divisor of f and 28?
14
Let o(r) = -r - 3. Let i be o(-7). Let l be i/8 - (-388)/8. Calculate the highest common divisor of l and 7.
7
Let p be 1*(0 + 6) + -2. Let d be 4/3*30/p. Let z(c) = 25*c**2 + c + 1. Let u be z(-1). Calculate the highest common divisor of u and d.
5
Let v be (-2)/8 + (10 - 5018/(-8)). Calculate the highest common divisor of 49 and v.
49
Suppose 3*z + 124 = 2*s, 4*s - 97 = 4*z + 159. What is the greatest common factor of s and 51?
17
Let i = 21 + 90. Calculate the highest common factor of 37 and i.
37
Suppose -24*c - 4465 = -5*c. Let i = c + 240. Let p be 1/(-2) + (-182)/(-4). Calculate the highest common divisor of p and i.
5
Let s(g) = -7*g**3 + g + 1. Let a be s(-1). Suppose 3*m - 2*f - 14 - 7 = 0, a = m + 5*f. What is the highest common factor of 28 and m?
7
Let k = 32 - -13. Calculate the highest common divisor of k and 60.
15
Let f = -248 + 718. Calculate the greatest common factor of f and 141.
47
Suppose 561 = 4*k - 627. Calculate the greatest common factor of k and 27.
27
Let w be (1 - (3 - 1))*0. Suppose 5*l - 248 + 3 = w. Suppose i - 6*i + 35 = 0. What is the greatest common factor of i and l?
7
Suppose 10*o - 1724 = -364. Calculate the greatest common factor of o and 51.
17
Let l be (-20)/8*(-3276)/90. Calculate the greatest common factor of 65 and l.
13
Let a(v) = -v**2 + 19*v + 13. Let o be a(19). Let k(j) = -2*j + 11 + 2 - 13 - o. Let i be k(-10). What is the highest common factor of i and 77?
7
Suppose 5*g - 8*g + 3*m = 15, 0 = 4*m - 8. Let a be ((g/(-5))/1)/(1/30). Let n = 17 - 8. Calculate the greatest common factor of n and a.
9
Let g = 296 - 293. Suppose 4*a = -5*d + 101, 0 = 3*d - 2 - 1. What is the greatest common factor of g and a?
3
Let w(a) = 3*a + 5*a + 2*a + 1 - 4*a. Let y be w(3). Suppose 5*v + 4 = x, 0 = 3*x - x - 2*v - 32. What is the greatest common divisor of x and y?
19
Let d be (-19)/(-76) + (-10)/8 + 27. What is the greatest common divisor of d and 338?
26
Suppose 6*l - 11*l - c = -377, -3*c = -4*l + 313. What is the highest common factor of 19 and l?
19
Let z = 3 - -2. Suppose u + z*k + 1 = 5*u, 0 = 4*u - k - 13. Suppose 0 = u*n - 2*n - 140. Calculate the highest common factor of n and 28.
14
Suppose -4*g - 21 = -3*f, -2*g + 4*g - 2*f = -8. Let s be ((-30)/7)/(g/63). Suppose 48 = 6*h - 2*h. What is the highest common divisor of h and s?
6
Suppose 2*h - 3*w + 267 = 5*h, w = h - 85. What is the highest common divisor of h and 29?
29
Suppose 70 = 2*n - m, 119 = 4*n - m - 23. What is the greatest common divisor of n and 564?
12
Let y be (-178)/(-4)*(-5)/(10/(-4)). Calculate the highest common divisor of y and 2047.
89
Let k be (0 + -1)/(4/(-132) + 0). Let b = 38 - 27. What is the greatest common divisor of b and k?
11
Let i(a) = -a**2 - 33*a - 230. Let r be i(-20). Calculate the highest common factor of r and 290.
10
Let a(h) = -h**3 + 9*h**2 - 7*h - 5. Let w be a(5). Let g = w - 36. What is the greatest common divisor of 16 and g?
8
Suppose -5*x + 2*x + 30 = 0. Suppose 5 = -5*a + x. Suppose -8 = -3*o - o. Calculate the highest common factor of a and o.
1
Suppose -3*h = -h - 36. Let b be 16177/42 + (-3)/h*1. Calculate the greatest common divisor of b and 35.
35
Let d = -528 - -554. Calculate the highest common divisor of d and 611.
13
Let y(p) = 21 + 2*p + 2*p + 7*p + p**3 + 7*p + 19*p**2. Let t be y(-18). Calculate the highest common factor of t and 42.
21
Let m = 66 - 39. Suppose n = 3*l + m - 215, -n + 4 = 0. Suppose -j = -6 - 2. What is the highest common divisor of j and l?
8
Let k be (-9 - 40/(-5)) + (5 - -16). Calculate the greatest common factor of k and 190.
10
Suppose y + 0*y = 2*s + 21, -5*y + 2*s = -137. What is the highest common divisor of 5 and y?
1
Let y = -16 - -24. Let q be 342/y + (-2)/(-8). Let l = -31 + q. What is the greatest common factor of l and 24?
12
Let d = -2587 + 4443. What is the highest common divisor of d and 16?
16
Let v(o) = -o**3 + 55*o**2 + 47*o - 173. Let g be v(55). What is the highest common divisor of g and 12?
12
Let p = 444 + -298. Suppose 0*i + 5*t = i - 158, -p = -i + t. Calculate the greatest common divisor of 13 and i.
13
Let n = -47 - -52. Suppose n*l + 56 = 1271. Calculate the highest common factor of l and 27.
27
Let v(c) = 2*c + 10. Let r be v(-9). Let u be 6/(-4)*(r - 4). Suppose 10 = 2*n - u. What is the highest common divisor of n and 28?
14
Let w be -1*182*(-32)/112. Let n = 73 - 47. Calculate the highest common factor of n and w.
26
Let t(c) = c**3 - 20*c**2 + 62*c + 55. Let l be t(16). Calculate the greatest common factor of 115 and l.
23
Suppose -z = -5*y + 29 + 49, -y = 3*z - 6. Calculate the highest common divisor of y and 48.
3
Let a(u) = -u**3 - 28*u**2 + 29*u + 29. Let y be a(-29). Calculate the greatest common divisor of 319 and y.
29
Let k(s) be the second derivative of s**4/12 + s**3/3 + 3*s**2 - 15*s. Let g be k(0). Calculate the highest common factor of g and 18.
6
Suppose -8*k + 765 + 803 = 0. What is the highest common divisor of 28 and k?
28
Let v be (8 - 16)*(15/(-6) - -2). Suppose 4*x = v*n - n + 213, -4*n = 12. What is the greatest common divisor of x and 204?
51
Let d(n) = n**2 - 25*n - 83. Let q be d(29). Calculate the highest common factor of 231 and q.
33
Suppose 4*p - 699 = -5*r, -5*r + 9*p + 735 = 4*p. Suppose 3*z + 0*z = 2*k + 49, 2*k + 75 = 5*z. Calculate the highest common factor of z and r.
13
Let p = -367 - -369. What is the highest common factor of 4 and p?
2
Suppose 2*b - 29 - 15 = -3*n, 2*n - 51 = 3*b. Suppose 44 = 4*f + 2*m, 3*m - 46 = -3*f + 8*m. Calculate the greatest common factor of n and f.
6
Suppose 0 = 9*o - 360 + 81. Suppose 3*x = o + 32. Calculate the greatest common divisor of 21 and x.
21
Suppose 285 = 5*m - 4*g + 53, 4*g + 12 = 0. Calculate the greatest common divisor of 1804 and m.
44
Let p be 9/33 + (-5562)/(-297). Suppose 109 = 3*o - 5. Calculate the greatest common divisor of p and o.
19
Suppose -6*q + 32 = 2*q. Suppose 0 = -2*y + y, 5*y - 44 = -q*h. Calculate the highest common factor of h and 33.
11
Suppose 0 = -21*b + 18*b + 15. Let r(o) = 4*o*